/64 + (-14)/(-8). Suppose -v*o + 160 = 2*u - 24, -3*u - 4*o = -280. Calculate the highest common factor of u and 11.
11
Let x = -26 + 30. Suppose 2*u - 26 = j, 2*u + 26 = x*u + j. Let w = -10 + u. Calculate the greatest common divisor of w and 15.
3
Let g be (-80)/(-30) + (-4)/6. Suppose x = -g*x + 189. What is the greatest common divisor of 7 and x?
7
Suppose 0 = 7*h - 2*h + 3*z - 116, -2*z = -2*h + 40. Let q = h - 8. Let i(b) = -7*b**3 + b + 2. Let x be i(-2). What is the highest common divisor of x and q?
14
Let l be 0 - -9*80/12. Suppose -r = 2*r - l. Suppose 0*x = -2*x + 200. Calculate the highest common factor of x and r.
20
Let a be -2*(-33)/(-24)*(-1 - 3). What is the highest common divisor of 11 and a?
11
Let u(p) = p**3 + 6*p**2 + 8*p + 12. Let k be (10 - 8)/((-2)/4). Let c be u(k). What is the greatest common factor of 16 and c?
4
Suppose -o = 5*o - 18. Let s be (o + -111)*(-4)/8. What is the greatest common divisor of 36 and s?
18
Suppose 3*o = 36 + 6. Let s(r) = -6*r + 83. Let x be s(8). Calculate the highest common divisor of x and o.
7
Suppose -328 = -3*j - 4. What is the greatest common factor of j and 135?
27
Let s(m) = 5*m - 7. Let u be s(2). Suppose n = 2*t + 6, -2*t + n - 6*n - 18 = 0. Let d be 13 - (t + (6 - u)). Calculate the highest common divisor of 42 and d.
14
Let l be 30/(-20)*(-3 + 1). Suppose -50 - 1 = -l*t. Calculate the highest common divisor of t and 85.
17
Let l = 356 - 514. Let n = l + 177. What is the highest common divisor of n and 133?
19
Let u = -24 + 40. Suppose -u*i + 80 = -20*i. Let o = -10 - i. Calculate the greatest common factor of 30 and o.
10
Let o(r) = -r**2 + 2*r + 13. Let n be o(0). Suppose -n*l + 136 = -11*l. Calculate the highest common divisor of l and 102.
34
Let c = -6 + 10. Let x(y) = -23*y + 200. Let t be x(8). What is the highest common divisor of t and c?
4
Let q(c) = -33 - 18 + 15 + 7*c. Let x be q(8). What is the highest common divisor of x and 180?
20
Suppose 10*m - 41 = 189. Suppose 64 = z + 5*n, n - 1 = -2. Calculate the greatest common factor of z and m.
23
Let x be (-2 - -11) + 118 - -3. Calculate the greatest common divisor of x and 91.
13
Let t(x) be the second derivative of 11/6*x**3 + 7/2*x**2 - 8*x + 0 + 1/6*x**4. Let w be t(-7). Calculate the greatest common divisor of w and 4.
4
Suppose 0*d + d - 5*v - 28 = 0, -5*d - 3*v = 0. Suppose -d*n = -2 - 4. Suppose 0 = -n*b + 7*b - 75. Calculate the highest common factor of 15 and b.
15
Let f be ((-16)/(-12))/(4/18). Let m(t) = t - 1. Let q(h) = -2*h. Let v(o) = f*m(o) + 2*q(o). Let k be v(5). What is the greatest common divisor of 4 and k?
4
Let v = -275 - -471. What is the greatest common factor of v and 4?
4
Suppose -6*d + 1245 = -2*d + 3*t, 5*d - 2*t = 1562. Calculate the greatest common factor of 39 and d.
39
Let v be (-1 - 0)*(-1 - 0). Let o(b) = -10*b - 1. Let d be o(-1). Suppose 6*f - d = 3*f. Calculate the greatest common divisor of v and f.
1
Let c(t) = 3*t + 23. Let z be c(-6). Let o = 9 - -33. Suppose -z*u + 93 = -2*j, -j + o = 5*u - 39. What is the highest common divisor of u and 17?
17
Suppose -11*y + 1165 - 813 = 0. What is the greatest common factor of y and 152?
8
Let a(m) = m**3 - 2*m**2 - 3*m - 2. Let o be a(5). Let s = -146 + 58. Let y be s/(-3) + (-3)/9. Calculate the highest common factor of y and o.
29
Let d = 40 - 29. Let s be 1540/(-42)*((-36)/5)/3. What is the greatest common divisor of s and d?
11
Suppose 2*o + o - 15 = 0. Suppose -4*z + 28 = 5*i, -o*z + 3 = -2*i + 1. Let x be ((-48)/(-20))/(6/40). What is the highest common factor of x and z?
2
Suppose 4*j = -11 + 163. What is the highest common factor of j and 380?
38
Let i = -39 - -57. Suppose 3*q - q = 0, 5*l = 8*q + 360. What is the highest common factor of i and l?
18
Suppose 25 = 2*d - 177. Suppose 3*p = -5*u + d, -p = -7*u + 3*u - 45. What is the highest common divisor of 37 and p?
37
Let n = -106 - -82. Let t = -17 - n. Calculate the greatest common factor of t and 133.
7
Let r be 4*3/18 - 1024/(-3). What is the highest common factor of r and 9?
9
Let n = 19 - 3. Let u = n + -12. Suppose 4*l + u*r - 43 = 37, -6 = 3*r. Calculate the highest common divisor of 22 and l.
22
Let i be 1 - (-1 - (0 + 0)). Suppose -x - 363 = -4*h + 2*x, -184 = -i*h + 4*x. Suppose 2*g - h = -3*g. What is the highest common divisor of g and 6?
6
Suppose -y + 6*y - 45 = 0. Let q be ((-1)/(1 - 2))/1. What is the highest common factor of q and y?
1
Let p(z) = -2*z**2 - 45*z + 27. Let w be p(-12). Calculate the highest common factor of w and 465.
93
Let b(r) = -r**3 - 8*r**2 - 3*r - 8. Let g be b(-8). Suppose -u + 2*x + g = 0, 3*x - 12 = -4*u + 52. Calculate the greatest common factor of 176 and u.
16
Suppose 0 = -k - 3, -2*p + 20 = -5*k + k. Let z(d) = 18*d + 458. Let a be z(-25). Calculate the highest common divisor of a and p.
4
Let o be 32 + -24 + 0/2. Let m(p) = -2*p - 6. Let i be m(-6). Suppose -6 = -i*f + 3*f. Calculate the highest common factor of f and o.
2
Let x be -5*(164/(-20) + -8). Calculate the greatest common divisor of 567 and x.
81
Suppose -58 - 10 = -4*r. What is the greatest common divisor of 527 and r?
17
Suppose 5*k + 814 = 2*a, 0*a + 2*a = -k + 826. Suppose a = 5*z - 4*r, 324 = 3*z + 5*r + 62. Calculate the greatest common factor of z and 14.
14
Let l(k) = -12*k - 2. Let f(w) = 2*w**2 - w - 3. Let y be f(3). Let v be l(y). Let c = v - -262. Calculate the highest common divisor of 29 and c.
29
Suppose 0 = 2*j + 108 - 378. Calculate the highest common divisor of 15 and j.
15
Let v(w) = w**2 - 44*w + 531. Let f be v(27). Suppose 2*k = -3*k. Let s(q) = -q + 48. Let n be s(k). Calculate the greatest common factor of n and f.
24
Let i be -7 + 16 + 26065/5. What is the highest common factor of 14 and i?
14
Let g(f) = 5*f**2 - 2*f**2 + f + 4*f - 4 + 0*f**2. Let w be g(-4). Let a = w - 16. Calculate the greatest common factor of 64 and a.
8
Let f be 6/2*13/3. Suppose 2*g - 2*r + 316 = 6*g, -5*g + 394 = 3*r. Let s be g/3 + (-34)/51. What is the highest common factor of s and f?
13
Suppose -4*x + 12 = 0, -5*c - 2*x + 12 = -3*c. Let l be (0 - -2) + 6/2. Let w be 4 - (-2 + l)/c. Calculate the greatest common factor of w and 15.
3
Suppose 0 = -4*k - y + 2*y + 4228, -5*k = -3*y - 5292. Let q be k/6 + 3/(-3). What is the greatest common factor of q and 70?
35
Let h(z) = z**3 + 4*z**2 + z + 9. Let v be h(-4). Let i(q) = 2*q**2 - q + 6. Let t be i(v). What is the greatest common factor of 34 and t?
17
Let w(s) = 17*s - 30. Let m be w(2). What is the highest common factor of 224 and m?
4
Suppose 0*f + 77 = 3*f + l, 2*f = 2*l + 62. Let a = 5004 + -4995. What is the greatest common divisor of f and a?
9
Let f(r) = -r + 209. Let t be f(21). Calculate the greatest common factor of t and 8.
4
Let q be 1/(-2) - (-25)/10. Suppose z - 2 = -4, 0 = b - 5*z - 19. Let j be 10/15 - (-192)/b. Calculate the highest common divisor of q and j.
2
Suppose 170 = 6*n - n. What is the greatest common factor of n and 85?
17
Suppose 5*t = 2*l + 8 + 2, 6 = 3*t - 5*l. Suppose -6*h + t*h + 8 = 0. Suppose -h*x + 3 + 13 = 0. What is the greatest common factor of x and 20?
4
Suppose -7*c = -2*c - 550. Suppose 96 = -d + 16. Let l be (3/6)/((-4)/d). What is the highest common divisor of c and l?
10
Let b(x) = 2*x**3 - 10*x**2 + 4. Let s be b(5). Suppose 0 = s*w - 4 - 116. What is the greatest common divisor of w and 15?
15
Let m(y) = -16*y + 289. Let i be m(15). What is the highest common factor of i and 84?
7
Suppose 0 = 5*k + 5, 0 = 3*b - 4*k - 1348. Calculate the greatest common divisor of 128 and b.
64
Suppose d = -2*d - x - 370, 3*d = -5*x - 350. Let c = d - -188. What is the greatest common factor of c and 9?
9
Suppose 4*u + 3*j = 2*j + 3, 0 = -4*u - 4*j. Let f(q) = 48*q + 2. Let i be f(u). Let g = 104 + i. What is the greatest common factor of g and 22?
22
Suppose -2 = s - 6. Suppose 3*b - 3*l = b - 18, -4*l = s*b + 56. Let c = 27 + b. Calculate the greatest common factor of 10 and c.
5
Suppose 5*t + 3*y = 8*t - 24, -y = 4*t - 52. Let v(s) = -s**2 + 7*s - 2. Let q be v(5). What is the greatest common divisor of q and t?
4
Let o = -526 + 530. Calculate the highest common factor of 52 and o.
4
Suppose -5*v = -3*s - 2662, 3*v - 5*s - 1687 = -93. Calculate the highest common factor of 41 and v.
4